9?
False
Is 192625 a multiple of 125?
True
Is 532 a factor of 2690588?
False
Does 95 divide 649456?
False
Is 564300 a multiple of 12?
True
Is 141 a factor of 513804?
True
Is 5152 a multiple of 68?
False
Is 101034 a multiple of 18?
True
Is 292 a factor of 10343516?
True
Does 34 divide 1987059?
False
Does 22 divide 1413440?
False
Is 13 a factor of 191100?
True
Is 210102 a multiple of 38?
True
Is 453272 a multiple of 157?
False
Does 50 divide 144075?
False
Does 31 divide 767013?
False
Does 821 divide 558280?
True
Is 871700 a multiple of 46?
True
Is 172 a factor of 5902595?
False
Does 23 divide 196324?
False
Is 323 a factor of 1702341?
False
Is 5368402 a multiple of 21?
False
Is 756 a factor of 809676?
True
Is 1340 a factor of 6622280?
True
Is 33 a factor of 20955?
True
Is 196101 a multiple of 62?
False
Does 27 divide 14018?
False
Is 42 a factor of 678930?
True
Is 11 a factor of 316261?
True
Is 55 a factor of 11755?
False
Does 86 divide 3009457?
False
Does 9 divide 118315?
False
Does 15 divide 32985?
True
Is 421 a factor of 1735783?
True
Is 10586720 a multiple of 19?
False
Is 338866 a multiple of 73?
True
Is 4953319 a multiple of 19?
True
Is 4 a factor of 137036?
True
Is 104632 a multiple of 100?
False
Is 417541 a multiple of 10?
False
Is 37 a factor of 7063929?
True
Does 3 divide 15580?
False
Is 12 a factor of 30475137?
False
Is 501729 a multiple of 55?
False
Is 196531 a multiple of 88?
False
Is 13 a factor of 80964?
True
Is 5 a factor of 1858315?
True
Is 1061053 a multiple of 15?
False
Does 71 divide 69301?
False
Is 26 a factor of 30082?
True
Is 150 a factor of 1393800?
True
Is 5128772 a multiple of 82?
True
Is 77462 a multiple of 147?
False
Does 8 divide 3109092?
False
Does 38 divide 61540?
False
Is 6724704 a multiple of 96?
True
Is 629420 a multiple of 44?
True
Is 28 a factor of 342958?
False
Does 66 divide 231264?
True
Does 345 divide 1085765?
False
Is 56 a factor of 1809728?
False
Is 11 a factor of 51303?
False
Is 3174000 a multiple of 92?
True
Is 225 a factor of 517050?
True
Is 8603650 a multiple of 50?
True
Does 984 divide 11404560?
True
Is 726112 a multiple of 14?
False
Is 15402 a multiple of 51?
True
Does 21 divide 14683692?
False
Is 38 a factor of 14798378?
True
Is 467060 a multiple of 965?
True
Is 166 a factor of 235222?
True
Is 10843056 a multiple of 168?
True
Is 38 a factor of 125400?
True
Is 25 a factor of 1460408?
False
Is 781678 a multiple of 91?
False
Is 25 a factor of 112825?
True
Is 3952128 a multiple of 64?
True
Does 4 divide 354532?
True
Does 48 divide 65280?
True
Is 75677 a multiple of 133?
True
Is 380539 a multiple of 618?
False
Does 33 divide 3402787?
False
Is 11 a factor of 226809?
True
Is 40 a factor of 12856?
False
Does 7 divide 29464?
False
Is 111 a factor of 937506?
True
Does 19 divide 508745?
False
Is 262972 a multiple of 9?
False
Does 34 divide 13032540?
True
Is 7040 a multiple of 88?
True
Does 231 divide 455921?
False
Is 16 a factor of 395552?
True
Is 169467 a multiple of 131?
False
Is 87390 a multiple of 90?
True
Is 15481 a multiple of 9?
False
Is 632499 a multiple of 4?
False
Is 19390 a multiple of 14?
True
Is 148 a factor of 257303?
False
Is 247440 a multiple of 16?
True
Does 10 divide 1953270?
True
Is 112 a factor of 3980250?
False
Is 11 a factor of 105380?
True
Is 121486 a multiple of 19?
True
Does 15 divide 288082?
False
Is 4657181 a multiple of 36?
False
Is 56 a factor of 55944?
True
Is 156486 a multiple of 232?
False
Does 25 divide 31988?
False
Is 9515 a multiple of 84?
False
Is 87274 a multiple of 6?
False
Is 11 a factor of 2336323?
True
Is 31 a factor of 106175?
True
Is 32 a factor of 215279?
False
Is 19561 a multiple of 76?
False
Is 63 a factor of 19532873?
False
Is 4 a factor of 17617?
False
Does 68 divide 283424?
True
Is 4 a factor of 484425?
False
Is 3 a factor of 18851?
False
Is 11 a factor of 37224?
True
Is 890605 a multiple of 295?
True
Is 432108 a multiple of 12?
True
Does 121 divide 51390?
False
Is 1258998 a multiple of 6?
True
Is 82612 a multiple of 3?
False
Is 161030 a multiple of 10?
True
Is 409410 a multiple of 235?
False
Does 214 divide 18618?
True
Does 6 divide 33772?
False
Is 18969 even?
False
Is 123297 a multiple of 130?
False
Is 48 a factor of 4373616?
True
Does 1071 divide 989604?
True
Is 4601320 a multiple of 40?
True
Is 453 a factor of 124822?
False
Does 968 divide 4930992?
True
Does 138 divide 9733962?
False
Is 502524 a multiple of 141?
True
Is 12963170 a multiple of 191?
True
Does 144 divide 139271?
False
Is 2748214 a multiple of 7?
True
Is 81 a factor of 2663847?
True
Does 54 divide 1079838?
True
Is 14400 a multiple of 8?
True
Does 8 divide 722799?
False
Is 140153 a multiple of 76?
False
Is 211260 a multiple of 84?
True
Does 107 divide 5826567?
False
Is 103259 a multiple of 55?
False
Does 29 divide 208216?
False
Is 1107 a factor of 36033957?
True
Does 5 divide 1471711?
False
Does 12 divide 4097023?
False
Is 5 a factor of 94835?
True
Is 47 a factor of 672733?
False
Is 7490 a multiple of 14?
True
Does 141 divide 8567570?
False
Is 82222 a multiple of 98?
True
Is 1874275 a multiple of 533?
False
Does 125 divide 14661250?
True
Is 24402 a multiple of 7?
True
Is 1206766 a multiple of 38?
True
Is 643 a factor of 1379235?
True
Does 286 divide 20380418?
False
Does 30 divide 167056?
False
Is 3723489 a multiple of 7?
True
Does 20 divide 106260?
True
Does 1217 divide 8051672?
True
Does 7 divide 258783?
True
Is 55545 a multiple of 2?
False
Is 67 a factor of 206043?
False
Does 13 divide 1575132?
True
Is 238546 a multiple of 7?
True
Is 43 a factor of 392791?
False
Does 12 divide 1963956?
True
Is 879204 a multiple of 82?
True
Does 34 divide 40290?
True
Is 41 a factor of 8155720?
True
Does 5 divide 472380?
True
Is 7 a factor of 22036?
True
Is 306818 a multiple of 166?
False
Is 35730 a multiple of 2?
True
Is 130146 a multiple of 597?
True
Is 829176 a multiple of 24?
True
Is 799022 a multiple of 12?
False
Does 8 divide 106641?
False
Is 10 a factor of 94837?
False
Is 123195 a multiple of 573?
True
Is 256495 a multiple of 7?
False
Is 52849 a multiple of 19?
False
Is 14 a factor of 1094529?
False
Is 1963073 a multiple of 23?
True
Does 327 divide 347299?
False
Is 436933 a multiple of 18?
False
Is 319500 a multiple of 375?
True
Is 567513 a multiple of 12?
False
Does 46 divide 1732406?
True
Is 172 a factor of 275200?
True
Does 38 divide 128850?
False
Does 229 divide 1694600?
True
Is 228918 a multiple of 805?
False
Is 716986 a multiple of 74?
True
Does 284 divide 244665?
False
Does 417 divide 5149734?
False
Does 251 divide 10421520?
True
Is 3 a factor of 164594?
False
Is 5 a factor of 156815?
True
Is 1128202 a multiple of 17?
False
Is 2916 a multiple of 27?
True
Is 3692668 a multiple of 12?
False
Is 233807 a multiple of 37?
False
Is 592 a factor of 279424?
True
Does 6 divide 118186?
False
Is 1735448 a multiple of 1404?
False
Is 43005 a multiple of 15?
True
Is 5 a factor of 33066?
False
Is 288 a factor of 887616?
True
Does 203 divide 732018?
True
Does 45 divide 414350?
False
Does 25 divide 204050?
True
Is 184977 a multiple of 312?
False
Is 15 a factor of 290505?
True
Is 1488 a multiple of 10?
False
Is 19 a factor of 34447?
True
Does 2 divide 83814?
True
Does 571 divide 3751470?
True
Is 704191 a multiple of 17?
True
Is 80 a factor of 123360?
True
Is 12 a factor of 2088024?
True
Is 1321936 a multiple of 232?
True
Does 960 divide 2442392?
False
Is 1183455 a multiple of 35?
True
Is 17 a factor of 19709?
False
Is 119930 a multiple of 624?
False
Is 597690 a multiple of 522?
True
Does 178 divide 24386?
True
Is 35601 a multiple of 22?
False
Is 2378670 a multiple of 35?
True
Is 5125086 a multiple of 33?
False
Is 99 a factor of 96723?
True
Is 64839 a multiple of 508?
False
Is 6574 a multiple of 19?
True
Is 14364 a multiple of 4?
True
Is 2318861 a multiple of 271?
False
Is 188 a factor of 13491820?
True
Does 10 divide 175430?
True
Is 23144748 a multiple of 132?
True
Is 411998 a multiple of 113?
True
Does 7 divide 71540?
True
Is 282 a factor of 22759382?
False
Is 28377 a multiple of 27?
True
Is 7 a factor of 545270?
False
Is 40117 even?
False
Is 104 a factor of 1123541?
False
Is 14 a factor of 606270?
True
Is 37612 a multiple of 4?
True
Is 257429 a multiple of 122?
False
Is 9 a factor of 1295305?
False
Does 9 divide